ed by z?
6
Let v = 222 + -151. What is the remainder when v is divided by 12?
11
Suppose 6*l = 2*l. Calculate the remainder when 4/(-6) - (-304)/6 is divided by 26/(4/(2 + l)).
11
Let w = 47 + -41. Suppose w*l = 11*l - 280. Calculate the remainder when l is divided by 20.
16
Let l be (-195)/(-5) - (-2)/2*-3. Suppose -39*f + 21 = -l*f. Calculate the remainder when 11 is divided by f.
4
Suppose -4*o + 22*o - 252 = 0. What is the remainder when 83 is divided by o?
13
Suppose c = 4*z - c - 106, -3*z = 3*c - 102. Suppose 6*g - z = 79. Calculate the remainder when 105 is divided by g.
15
Suppose -437*t + 3*k = -441*t + 205, -4*k = -t + 94. Let j(g) = -12*g. What is the remainder when t is divided by j(-1)?
10
Suppose 36 = 3*s - 0*s. Calculate the remainder when 4060/200 - (-12)/(-40) is divided by s.
8
Let n = 49 + -47. Suppose -2*z = 2*c - 3*c - 13, 0 = -n*c + 2. Calculate the remainder when 35/2 + 2/4 is divided by z.
4
Suppose -3*n - s + 0*s = -16, 3*s + 6 = 0. Let c(g) = -7*g - 425. What is the remainder when c(-62) is divided by n?
3
Suppose -2*d + 4*n = -0*d - 58, 66 = 3*d + n. What is the remainder when 13377/196 + 2 + 18/(-8) is divided by d?
22
Let a(p) = -p. Let j be a(-6). Suppose j*t = 3*t. Suppose 156 = -t*m + 3*m. Calculate the remainder when m is divided by 11.
8
Suppose m + 3*t + 0 = -4, -16 = -5*m - 3*t. Let g(w) = -2*w**3 + 4*w - m*w**2 + w**3 + 3*w**2 - 2. What is the remainder when g(-4) is divided by 8?
6
Let u = 1571 - 1539. Calculate the remainder when 90 is divided by u.
26
Let a be 59 + (-24)/(-108) + (-7)/(-9). Suppose -119 = -3*x - 4*d + a, 4*x - 252 = -2*d. Calculate the remainder when x is divided by 4/18 - 392/(-18).
21
Let x = -12 + 28. Let i = -3095 - -3267. Calculate the remainder when i is divided by x.
12
Let u be ((-4)/(-2))/(4/8). Suppose 0 = -u*n - 3*m + 349, 4*m + 93 = n - 18. What is the remainder when n is divided by 31?
29
Let h = 38 - 20. Let i = -784 - -908. What is the remainder when i is divided by h?
16
Let p(m) = 2*m**2 + 8*m + 4. Calculate the remainder when 90 is divided by p(-7).
44
Let l(i) be the first derivative of 4*i**3/3 + 1. Suppose a + 2 = j + 1, -9 = j + 4*a. Calculate the remainder when 10 is divided by l(j).
2
Let f(p) = 153*p - 398. What is the remainder when f(6) is divided by 132?
124
Let p = 18 - 11. Let l(q) = 7*q - q**2 + 11 + 0*q**2 - 5. What is the remainder when 16 is divided by l(p)?
4
Let h(u) = -21*u - 46. What is the remainder when 265 is divided by h(-4)?
37
Calculate the remainder when 75 is divided by ((9576/(-35))/(-12))/(2/5).
18
Let u = -21 + 35. What is the remainder when (-8 - -4 - u/(-3))*153 is divided by 8?
6
Suppose 5*i = 2*i - 81. Let t = i + 46. What is the remainder when 54 is divided by t?
16
Let f(z) = -z**2 + 21*z + 25. Let m be f(16). Suppose -m = -5*g - 0. What is the remainder when 125 is divided by g?
20
Let d = 68 - 50. What is the remainder when 71 is divided by d?
17
Let z(j) = -29*j**3 - 4*j**2 + 2*j + 3. Let a be -2 + (0/(3 + -2))/2. What is the remainder when z(a) is divided by 36?
35
Suppose 61*n - 1148 = -21*n. Let t(r) = 2*r**2 - 4*r + 1. What is the remainder when t(-3) is divided by n?
3
Suppose 0 = 3*m - j - 1149, -4*m = -2*m + 3*j - 766. Calculate the remainder when m is divided by 88.
31
Suppose 788 + 72 = 4*z. Calculate the remainder when z is divided by 55.
50
Let s be 9/2 - 6/12. Let z = -4 + s. Calculate the remainder when (-4 + 23)*(1 - z) is divided by 11.
8
Suppose 2280 = 17*j - 2*j. What is the remainder when j is divided by 18?
8
Let j be -1 + 0 - (19 - -1). Let n be 2/(-7) - (-2 - (-243)/7). Let r = j - n. Calculate the remainder when 47 is divided by r.
11
Let g = 13 - 9. Suppose 20 = -4*h, -g*q + h = -8 - 25. Suppose -4*a = -3*a - 24. What is the remainder when a is divided by q?
3
Suppose 0 = 4*p + t - 75, 0 = 4*p - 3*t - 44 - 19. What is the remainder when 75 is divided by p?
3
Let l(m) = 14*m**2 + 4*m - 18*m**2 - m**3 - 3 - m. Let c be l(-5). Suppose -3*z + c*z = 36. Calculate the remainder when z is divided by 5.
4
Let c = 249 + -158. Let y = -2 - -68. Suppose y = -j + 3*j - 4*x, -3*x = 3*j - 54. Calculate the remainder when c is divided by j.
22
Let r = -116 - -35. Let l = r + 127. Calculate the remainder when l is divided by 17.
12
Suppose 0 = 3*k - 7 + 1. Suppose -k*x = 3*x - 255. Calculate the remainder when x is divided by (-9)/(-12) + 2/(8/49).
12
Suppose -16*f + 192 = -18*f. Let c = f - -165. What is the remainder when c is divided by 36?
33
Let a(n) = n**2 + 8*n - 2. Let b be a(-8). Let r(f) = -14*f - 1. Suppose -1786 = 2*y + 15*y - 3129. Calculate the remainder when y is divided by r(b).
25
Suppose -2*v + 12 = 2*v + n, -2*v - 4 = 3*n. Let p(s) = 3*s**2 - s + 4. Calculate the remainder when p(v) is divided by 25.
23
Let j(v) = -v**3 + 5. Let r(i) = i - 14. Let g be r(10). Let l(f) = -f**3 + 8*f**2 - 4*f - 3. Calculate the remainder when j(g) is divided by l(7).
15
Let r(k) = -k**2 - 4*k + 3. Let m be r(-4). Suppose -138*n = -111*n - 486. Calculate the remainder when n is divided by 3/2*22/m.
7
Calculate the remainder when (-62261)/(-115) - 12/(-20) is divided by 68.
66
Let v(l) = -l + 3*l - l - 2*l. Let z be v(-2). Suppose 0 = 3*s - z*a - 36, -5*s - 3*a = -5*a - 64. What is the remainder when 40 is divided by s?
12
Let v(h) = 12*h - 50. Calculate the remainder when v(13) is divided by 27.
25
Suppose -2*l + 636 = j + j, 3*j = 3*l - 972. Let g = -192 + l. What is the remainder when g is divided by 33?
30
Let u be (-1*9)/3 + 9. Let d(b) = b + 3. Let r be d(u). Suppose 5*w - 16 - r = 0. What is the remainder when w is divided by 4?
1
Let m = -2 + 6. Let s = 6 - m. Suppose s*l - 21 = 11. Calculate the remainder when 29 is divided by l.
13
Suppose 0 = -4*q + 3*d + 2*d - 12, -3*q + 4*d = 9. Calculate the remainder when (155/25)/((-1)/(-5)) - q is divided by 19.
15
Let k(x) = -74*x - 264. What is the remainder when k(-4) is divided by 6?
2
Let h(n) = -2*n**3 - 2*n**2 - 3*n + 3. What is the remainder when 62 is divided by h(-2)?
11
Suppose 5*g = 5*r - 0*g - 25, 3*r + 4*g + 6 = 0. Let z be r/(-6) - 368/(-24). Let h = 27 - z. What is the remainder when 23 is divided by h?
11
Let r(p) = p**3 - 18*p**2 + 2*p - 25. Let x be r(18). Suppose -x*k + 384 = 120. Calculate the remainder when 117 is divided by k.
21
Suppose 2*d = -h + 7, h + 2 = -5*d + 15. Suppose 50 = h*w - 25. Let x = -74 - -123. Calculate the remainder when x is divided by w.
24
Suppose 0 = 4*w - 16, 9*j - 2*w = 14*j - 8. Suppose -5*f - 21 = -56. Suppose -f*q + 11*q - 96 = j. Calculate the remainder when 47 is divided by q.
23
Suppose -l - 57 = 2*k - k, -3*l = -4*k - 221. Let q = k - -82. What is the remainder when q is divided by 10?
6
Suppose 763 = 16*u - 501. Calculate the remainder when 392 is divided by u.
76
Let y(r) = -r**3 - 8*r**2 - 2*r + 9. Let h be y(-5). Calculate the remainder when 38 is divided by (h + 1)*11/(-55).
5
Let i be (6 - 34)*(-3)/6. Let t = i + -13. Let d(q) = -q**3 + 5*q**2 + q - 2. Calculate the remainder when d(5) is divided by t.
0
Let u(o) = -2*o**3 - 19*o**2 - 10*o - 2. Let q = -19 + 130. Calculate the remainder when q is divided by u(-9).
6
Let v(a) = -4*a**3 + a - 5. Let r(m) = 7*m**3 - 2*m + 9. Let u be (-2 + 4)*6/4. Let w(t) = u*r(t) + 5*v(t). What is the remainder when w(3) is divided by 9?
8
Let l be 13/26 + -3*1/(-2). Suppose 4*w = 3*a + 154, -w - 4*a + 128 = l*w. What is the remainder when 118 is divided by w?
38
Suppose 18 = -3*n + 9*n. Let s(l) = -l**3 - 9*l**2 + l - 5. Let q be s(-9). Let u(y) = y + 16. What is the remainder when n is divided by u(q)?
1
Suppose -7*g = 2*u - 105, 4*u - 69 = -2*g + 201. Suppose 24 = 5*d - 3*o - 149, 90 = 2*d + 4*o. Calculate the remainder when u is divided by d.
33
Suppose -41 = -4*o - o - d, 0 = -4*o - 4*d + 36. Let c be (-212)/(-12) - (-2)/(-3). Let s = c - o. Calculate the remainder when 32 is divided by s.
5
Let g(o) = 2*o**3 + 27*o**2 + 49*o - 42. What is the remainder when 355 is divided by g(-11)?
19
Let t(f) = -f**2 + 10*f + 8. Let n be t(9). Let l = n - 10. What is the remainder when ((-2)/2)/1*-26 is divided by l?
5
Let s = -360 - -426. What is the remainder when 394 is divided by s?
64
Let h(p) be the second derivative of p**4/12 - 13*p**3/6 - 5*p**2 + 5*p. What is the remainder wh